ctors of d.
3, 13
Let x = -33 - -18. Let j = x - -9. List the prime factors of -6*((-15)/j)/(-5).
3
Suppose 3*h = -z + 4 - 10, 4*z = -3*h + 3. List the prime factors of 2/((-3)/(z + -18)).
2, 5
Suppose -i - 5*i = -1326. What are the prime factors of i?
13, 17
Let v = 34 - 31. Suppose 4*x + 4 = 4*q + 12, -3*q = 5*x - 10. Suppose 15 = v*j + x*j. What are the prime factors of j?
3
Let w(j) = 13*j**2 + j + 2. Let b be w(2). Suppose 0 = -4*f - 4 + b. List the prime factors of f.
13
Suppose -2*x - 2*x + 140 = 0. What are the prime factors of x?
5, 7
Let a(f) = -1. Let h(b) be the third derivative of b**4/12 - b**3 - b**2. Let w(t) = 6*a(t) - h(t). List the prime factors of w(-3).
2, 3
Let f be 2 + 0 - 3 - -31. Suppose -j - 2*q - 5 = 0, 5*j + f + 20 = -5*q. Let x = -2 - j. List the prime factors of x.
13
Let n be (-44)/(-16) + (-6)/8. Suppose -3*l = 12, 4*j + 2*l - 22 - n = 0. What are the prime factors of j?
2
Let x = -6 + 7. Let a be x/2 + (-3)/6. Suppose -5*z + 5*m = -z - 44, a = -z + 5*m - 4. List the prime factors of z.
2
Suppose 21 + 69 = 2*o. What are the prime factors of o?
3, 5
Let i(k) = 1 + 3*k**2 - 1 + 1. Let v be i(-1). Suppose 3*n = 5*n - v. List the prime factors of n.
2
Let a(t) = -t**2 - 4*t + 6. Let b be a(-5). Suppose 3*m - 77 = b. What are the prime factors of m?
2, 13
Let u = -18 - -56. What are the prime factors of u?
2, 19
Suppose -6*j = -2*j + 4*q - 68, 6 = -2*q. List the prime factors of j.
2, 5
Let v(b) = -b + 8. Suppose 5*d + 12 = 3*d. List the prime factors of v(d).
2, 7
Suppose 0 = -9*s + 3*s + 984. List the prime factors of s.
2, 41
Suppose 4*l - 84 = 4*u - 24, 4*l - 65 = -u. Suppose -k + o = 1, 0 = -2*o - 2*o + l. Suppose -k*f = f + 3*y - 8, 5*f - 21 = -y. What are the prime factors of f?
5
Suppose 8 = 3*z - 1. Suppose -5*l + 141 = -z*t + 27, -5*t - 57 = -2*l. List the prime factors of l.
3, 7
Let i = 35 + -20. Let j = 13 + i. Let s = j + -16. List the prime factors of s.
2, 3
Let j(s) = 7*s + 3. What are the prime factors of j(6)?
3, 5
What are the prime factors of (100 - (0 + 1))*33/99?
3, 11
Let r = 22 - 20. Suppose -7 + 39 = 5*u - r*b, 2*b = 4*u - 24. List the prime factors of u.
2
Suppose -12 = -c + 5*c. What are the prime factors of (56/(-12))/(2/c)?
7
Let m be (-2)/((1 - 0) + -3). Let h(t) = -t**2 - 5*t - 4. Let i be h(-3). List the prime factors of m/(11/5 - i).
5
Let m be (6/(-9))/(2/(-3)). Let q = 2 - m. Suppose p = 4 + q. What are the prime factors of p?
5
Let f be 129/2 + (-18)/12. Let b = 110 - f. List the prime factors of b.
47
Let s = 16 - 15. Let a(l) = 32*l**2 + l - 1. What are the prime factors of a(s)?
2
Suppose 0 = -2*m - 0*m + 6. Suppose 0*d - d + 6 = 3*x, m*x = 2*d - 21. List the prime factors of d.
3
List the prime factors of 170/4 + (-2)/4.
2, 3, 7
Suppose 2*c - 13 + 3 = 0. Suppose -c*g + 4*g = -13. What are the prime factors of g?
13
Let d = -24 + 17. Let k(z) = -z**2 - 7*z + 7. What are the prime factors of k(d)?
7
Let x be (-1 - -2)/(3/6). Suppose 4 = d - x. List the prime factors of d.
2, 3
What are the prime factors of (-3993)/(-22)*4/6?
11
Let r(p) = -p**3 - p**2 + 2*p + 2. Let z be r(-2). Suppose a - 20 = -3*a + 4*u, -z*u = 5*a - 32. What are the prime factors of a?
2, 3
Let b(w) = 2*w**2 - w + 3. Let c = 6 + -9. Let h be b(c). Suppose -6*y + 2*y = -h. What are the prime factors of y?
2, 3
Let r(l) = -l + 5. Let q be r(7). Let b = -2 - q. Suppose 0 = -3*o - b*o + 6. What are the prime factors of o?
2
Let h be (-2 + 1)/((-3)/9). Let s be 180/h*(-1 + 2). Suppose -3*p + u + s = 4*u, 5*u - 12 = -p. List the prime factors of p.
2, 11
Let n = -9 - -13. Suppose s - 1 = -n*p + 45, 3*s + 18 = p. List the prime factors of p.
2, 3
Let w(v) = v**3 - 4*v**2 - 2*v + 6. Let z be w(4). List the prime factors of (54/(-15))/(z/5).
3
Suppose -u - 21 = -5. Suppose -2*l - 2*r = 2*r + 32, 2*l - 5*r = -5. Let i = l - u. What are the prime factors of i?
2, 3
Let x(v) = v. Let h be x(6). Suppose -h = 4*j + 5*t + 4, 4*t = -8. Suppose j*b + a + 48 = 5*b, b - 12 = -a. List the prime factors of b.
2, 5
Suppose -2*s = -15 + 9. Suppose s*u - 112 = -b, -b - 2*b = -3*u + 132. What are the prime factors of u?
3, 13
Let z(c) = -c + 12. Let d be z(9). Suppose d*s - 46 = s. List the prime factors of s.
23
Let d be 6/(-4) - 266/(-4). Let x = -5 - -9. Suppose x*w - d = -w. What are the prime factors of w?
13
Let u be (-4)/14 - 116/(-14). Let m = 28 - u. What are the prime factors of m?
2, 5
List the prime factors of (10/20)/(1/78).
3, 13
Suppose 5*a = -0*a + 215. Let b = a - 31. What are the prime factors of b?
2, 3
Let o be -2 - 0*(-3)/6. Let j = 35 - o. Let h = -22 + j. List the prime factors of h.
3, 5
Suppose 0 = -3*s + 12, s = -5*o - 3*s + 216. Let d = o - 13. Let j = -14 + d. What are the prime factors of j?
13
Suppose -3*c + 7*c - 80 = 0. Let m = c - 9. What are the prime factors of m?
11
Suppose 0*d = -3*d - 102. What are the prime factors of (1/2)/(-1)*d?
17
Let i(c) = -c**3 - 7*c**2 + 2*c + 9. Let b be i(-7). Let l(s) = -s**2 - 2*s + 7. Let y be l(b). Let w = -6 - y. What are the prime factors of w?
2
Let i be (2/4)/((-1)/2). Let a be ((-1 - i)/(-1))/2. Suppose 3*n - 34 = -m, -3*m - 2*m + 5 = a. List the prime factors of n.
11
Let w = -4 - -6. Let i be (-42)/(-18) - w/6. Suppose 4 = 2*m - i*n - 4, 0 = 2*n - 8. List the prime factors of m.
2
Let i(x) = x**2 - 2*x - 1. Let a be (-1*1)/(1/(-2)). Suppose 3 = -f + a. List the prime factors of i(f).
2
Let j be 6/4*(5 - 1). Let o be 1*j/(-3)*-20. Suppose 2*v = -2*v + o. List the prime factors of v.
2, 5
List the prime factors of (-12)/(-4) + -7 - (-140 + 2).
2, 67
Suppose v + 3 = 4*i - 9, -15 = -2*v - 5*i. Let c(s) = s**3 - s**2 - s + 2. Let f be c(v). What are the prime factors of 8/(-10)*(-5)/f?
2
Suppose 15 = 4*l + l. Suppose l*n - 68 = 2*g, 3*n + 0*g - g - 73 = 0. What are the prime factors of n?
2, 13
Suppose -2*r + 10 = -54. Let f = r + -21. What are the prime factors of f?
11
List the prime factors of ((-1664)/(-20) - -4) + 8/10.
2, 11
Let g = -51 + 120. List the prime factors of g.
3, 23
Suppose 0 = -0*r - r + 17. List the prime factors of r.
17
Let i(w) = w + 11. What are the prime factors of i(7)?
2, 3
Let m(y) = 11*y - 13. List the prime factors of m(6).
53
Let o(h) = 3*h**3 - 5*h + 5. List the prime factors of o(2).
19
Suppose -3*i - 12 = b, -3*i - 24 = 2*b - 5*b. What are the prime factors of (7 + -6)*(b - -1)?
2
Suppose -8 = 2*o - 4*t - 0*t, -5*o = -5*t. Let w = o + -6. Let k = w - -8. List the prime factors of k.
2, 3
Let a be ((-3)/(-6))/(2/152). Let w = 1 + 1. Suppose 3*j + 5*o = 20, -w*j - j + 4*o + a = 0. List the prime factors of j.
2, 5
Let i = -1 + 6. Suppose -5*m - 36 = 4*y, -y - i = 3*m + 4. What are the prime factors of (-1 + (-33)/y)*3?
2
Suppose -10 = -v - f, -5*v - f + 0*f + 58 = 0. Suppose -2*n + 5*n - v = 0. Suppose 9 = 4*p + 2*x - 17, -5*p + 25 = n*x. List the prime factors of p.
3
Suppose 4*b + 0*b - 5*j = -44, 3*b + 3*j = -6. What are the prime factors of 6/(-4)*44/b?
11
Suppose 5*i - 652 = -4*t, 652 = 4*t + 3*i - 0*i. Suppose -f + t = 5*w, -2*w - 8*f = -3*f - 79. List the prime factors of w.
2
Let i = 18 - 57. Let y = -20 - i. List the prime factors of y.
19
Let n(i) = -4*i + 2 + i**3 - 9 + 3*i - i + 5*i**2. List the prime factors of n(-5).
3
Let n(j) = j**2 - j - 5. Let a(m) = -2*m**2 + 2*m + 6. Let o(w) = -2*a(w) - 3*n(w). Let l(k) = -k**2 + 6*k - 5. Let v be l(4). List the prime factors of o(v).
3
Suppose -4*k + 8 = -4. What are the prime factors of -1 - (3 - (32 - k))?
5
Let p(b) = 4*b - 2. Let x = 5 + -2. List the prime factors of p(x).
2, 5
Suppose -26*n + 30*n = 452. What are the prime factors of n?
113
What are the prime factors of (-2 + 96)/(-2)*-1?
47
Suppose 0 = -4*o - 10 - 10. Let q(x) = x**3 + 4*x**2 - 6*x - 1. List the prime factors of q(o).
2
List the prime factors of ((-26)/(-4))/(3/(-108)*-2).
3, 13
Let z be (-114)/(-4)*(-1 - 1). List the prime factors of ((-8)/(-12))/((-2)/z).
19
Let f(h) be the second derivative of -h**5/20 + h**4/3 + 5*h**3/6 + h**2 - 2*h. Let n be f(5). List the prime factors of (-1)/(-3)*(19 + n).
7
Let a = -30 - -78. List the prime factors of a.
2, 3
Let q(h) = -h**3 + 6*h + 6. Let p = 25 + -29. What are the prime factors of q(p)?
2, 23
Let r(s) = s**2 - 4*s - 5. What are the prime factors of r(10